3 - a**2 + 8*a - 1621. Give q(-6).
-16
Let a(t) = -t**3 - 15*t**2 - 54*t. Suppose 3*m = -99*m - 787 + 73. Give a(m).
-14
Let k(n) = -74*n**2 - 9*n - 61. Let g(i) = -89*i**2 - 10*i - 61. Let a(m) = 5*g(m) - 6*k(m). Determine a(-6).
1
Let x(u) = u**2 - 4. Let g = 87 - 11. Suppose -10*v - 46 + g = 0. What is x(v)?
5
Let j be (80/6)/((3/(-3))/(-15)). Suppose j = 67*f - 59*f. Suppose -4*m = 3*r + 24, 2*r - f = 5*m + 5. Let o(t) = -t**2 - 7*t + 8. Give o(m).
14
Let j(g) = -2*g**2 + 27*g - 13. Let u(x) = -2*x**3 + 103*x**2 + 162*x - 146. Let y be u(53). Determine j(y).
0
Let m = 451 - 474. Suppose -18 = -3*l + 2*l. Let q = m + l. Let a(v) = v + 10. What is a(q)?
5
Suppose 4*x - 40 = 8. Let z(u) = 3*u**2 - u - x + 5 + 6. Let r = 132 + -133. What is z(r)?
3
Let n(o) be the second derivative of o**4/12 + 25*o**3/6 + 67*o**2 - 3170*o. Give n(-18).
8
Let j(r) = r**3 - 12*r**2 - 16*r - 5. Let c be j(10). Let f = -371 - c. Let x(o) be the first derivative of o**4/4 + 5*o**3/3 - 3*o**2 + 1. Give x(f).
0
Let r(c) = -26297*c**2 - 8*c**3 - 1 + 26303*c**2 + 9*c**3. Calculate r(-4).
31
Let l(h) be the first derivative of 4*h**3/3 + 6*h**2 + 9*h + 2567. What is l(-3)?
9
Let t(c) = -c**2 - 253*c - 3095. Let q be t(-13). Let f(g) = -g**2 + 27*g - 57. Calculate f(q).
-7
Let s(m) = m**3 + 7*m**2 - 10*m + 17. Let t be s(-8). Suppose -t = -4*w + b, -5*b + 7*b + 42 = 5*w. Let f(g) = -g**3 + 7*g**2 + 9*g + 1. Calculate f(w).
9
Let a(d) = d**2 - 3. Let z(w) = 0*w + 8*w + 7 + 11 + 8. Let b be z(-5). Let s = 17 + b. Calculate a(s).
6
Let s(f) = -f**2 - 42*f - 41. Suppose -2*h = -3*t + 44 - 27, -15 = -3*t. Let c be s(h). Let j(q) = -q**3 + q**2 - q - 24. Give j(c).
-24
Let p(f) = 3*f**2 + 167*f - 77. Let x(z) = 2*z**2 + 97*z - 39. Let l(q) = -3*p(q) + 5*x(q). Calculate l(8).
-28
Suppose 0 = 4*f - 11 - 13. Let r(w) = w + 1 + f + w - 3*w. Suppose 42*m - 13 + 307 = 0. Calculate r(m).
14
Let r(m) = 4*m**2 + m + 2. Let q(o) = -15*o**2 + o - 20. Let a(c) = q(c) + 4*r(c). Calculate a(-8).
12
Suppose 3*z + 12 = 0, s = 3*z - 24 + 35. Let f(o) = 11*o + 1. Give f(s).
-10
Let m = 2 + -2. Let d(v) = -24*v**3 - 25*v**2 - v - 28. Let z(h) = 19*h**3 + 20*h**2 + h + 27. Let g(u) = 4*d(u) + 5*z(u). Determine g(m).
23
Let b be ((-126)/(-45))/((-4)/(-10)). Let l = 8 - 7. Let f(d) = -4 + 3*d - l - 2*d + 0. Determine f(b).
2
Suppose 25 + 61 = 2*j. Let c = 90 - j. Let i = 52 - c. Let z(n) = n**2 - 5*n - 3. Calculate z(i).
-3
Let q = 39 - 37. Let t(o) = -89*o**2 + 87*o**2 - 9 + o**3 + 7. Give t(q).
-2
Let h(i) = 76*i - 2 + 4*i**2 + 54*i - 126*i - i**3 + 0 - 1. Give h(4).
13
Suppose -4*q = -3*n, -q = -2*n - 0*q. Suppose -5*d + 24 + 36 = n. Let x(v) = -v**3 + 12*v**2 - v + 5. Calculate x(d).
-7
Let b(k) = -k - 25. Suppose -v - 19 = 3*c, -1057 + 1220 = -5*v + 2*c. Give b(v).
6
Suppose 0 = 74*t - 92*t + 144. Let x(q) = -6 + 3 + t + 15*q - 26*q + 17*q. Determine x(-2).
-7
Let z(k) = -k - 30. Suppose -2*p - 4*q = 38, 2*p - 5*q = -123 + 103. Give z(p).
-15
Let w be 185/15*9*-3. Let n = 340 + w. Let p(z) = -z**3 + 6*z**2 + 7*z - 7. Determine p(n).
-7
Let z(p) be the first derivative of p**2/2 - 4*p + 6677. Let s = 9 + -2. Calculate z(s).
3
Suppose -15 = -2*i + l, -1 - 4 = 3*i + 4*l. Suppose m - 4*g = i*m - 16, 2*m - 8 = -5*g. Let f(u) = -m*u**2 - 2*u**3 + 1 + 7*u**3 + u - 4*u**3. What is f(2)?
-5
Let i(n) = -18*n**3 - 3*n**2 - 2*n - 2. Let o(d) = -26*d**3 - 4*d**2 - 3*d - 1. Let x(q) = 3*i(q) - 2*o(q). Determine x(2).
-24
Let x(s) = -5*s**2 - 6*s + 8. Let l(j) = -2*j**2 - j. Suppose 22 = 23*t - 24. Let o(v) = t*l(v) - x(v). Let z = -13 - -7. What is o(z)?
4
Suppose -4*z = 27*j - 24*j - 92, -2*j = -2*z + 32. Let a(b) = b**3 - 20*b**2 + 3*b - 43. Calculate a(z).
17
Let m(w) = 2*w + 22. Let s = 2109 - 2120. Give m(s).
0
Let t(f) be the third derivative of 5*f**4/6 - 385*f**3/6 + 544*f**2 - 3. Give t(19).
-5
Suppose 3*a - 5*v = 36 + 101, 3*a + 3*v = 105. Suppose a = -3*o + 48. Let j(y) = 9*y - o - 10*y - 2*y**2 + 4 - 2. Give j(-2).
-7
Let y(c) = -7*c - 8. Let w be (-10*(-4)/10)/(6/63). Let b be (-86)/12 - ((-511)/w + 13). Determine y(b).
48
Let k(l) = 5*l**3 + 2*l**2 - 9*l - 7. Let j(y) = 6*y**3 + 3*y**2 - 9*y - 9. Let z(c) = 4*j(c) - 5*k(c). Determine z(4).
3
Suppose 180 = 8*u + 12. Let n(b) = -b + 16. Determine n(u).
-5
Let f(d) = d**3 - 17*d**2 - 25*d + 119. Suppose 31*m + 10*m - 752 + 14 = 0. Give f(m).
-7
Let v(n) be the first derivative of -n**4/4 + 7*n**3/3 - 4*n**2 + 5*n - 415. Calculate v(7).
-51
Let b(s) = -2 - 4*s + 0 + 3. Let m(t) = -2*t**2 + 7*t + 292. Let f be m(14). Calculate b(f).
9
Let v(g) be the second derivative of g**4/24 + g**3/6 + 13*g**2 + 2*g - 5. Let b(i) be the first derivative of v(i). Give b(5).
6
Let h(z) be the third derivative of z**6/60 - 13*z**5/60 + z**4/6 + 17*z**3/6 + 1004*z**2 + z. What is h(6)?
5
Let s = 722 - 719. Let i(q) = 4*q**2 - 12*q + 7. Determine i(s).
7
Let h(s) = 3*s - 67. Let d = 262 - 256. Calculate h(d).
-49
Let t = -8 + 16. Let u be (1/4)/((-2)/t). Let v(q) = 3*q + q**2 - 166 - 2*q + 165 - 2*q. Give v(u).
1
Let u(g) = -g + 1 + 0 + 0. Suppose -2*v + 2*n = 134 + 772, -2*v - 2*n - 910 = 0. Let z = -450 - v. Determine u(z).
-3
Let o(j) = -j**3 + 17*j**2 - 18*j + 22. Let b be (-62)/1333 - (-2 + (-3624)/258). Give o(b).
-10
Let p(b) = b**2 + b. Let r(h) = -5*h**2 - 28*h - 33. Let q(z) = -2*p(z) - r(z). Let l be q(-7). Let g(i) = -4*i - 3. Determine g(l).
5
Suppose 0 = -12*z + 9*z + 6. Let k be 2 - -12*(z/6 - -1). Let a(p) = -p**2 + 18*p. Let h be a(k). Let u(f) = -f**3 - f**2 - 11. What is u(h)?
-11
Let t(l) = -2*l**3 - l**2 - 4*l - 4. Let m(v) = 2*v**3 + v**2 + 3*v + 3. Let y(x) = -7*m(x) - 6*t(x). Suppose 544 = -65*p + 414. Determine y(p).
9
Let m(n) = -6*n - 3. Let q(k) = -15*k + 104. Suppose 5*o = -15, 25*r + 3*o = 28*r - 30. Let y be q(r). Give m(y).
3
Let y(g) = 2*g**3 - 2*g**2 - 24*g**2 + 5702*g - 11 - 5694*g - 5*g**3. Determine y(-9).
-2
Let a = -377 - -382. Let h(q) = 2*q**2 - 11*q + 16. Let r(g) = 2*g**2 - 8*g + 11. Let z(c) = a*h(c) - 7*r(c). Calculate z(-1).
-2
Let z be ((-14)/(-8))/(4/(-16)). Let r(o) = -3*o**2 - 8*o + 16. Determine r(z).
-75
Let b(p) be the third derivative of -p**5/30 - 41*p**4/24 + 14*p**3/3 - 153*p**2. Let f be b(-21). Let s(h) = -h**3 + 7*h**2 - 3*h + 6. Calculate s(f).
-15
Suppose 8 + 538 = 39*n. Let p(o) = 9*o - 105. Calculate p(n).
21
Let y(d) = -4*d + 40. Suppose -4*x - 46*q = -51*q - 43, -x = 2*q - 14. Determine y(x).
-8
Let i(k) = 2*k**2 + 96*k + 31. Let x(d) = -d**2 - 56*d - 15. Let a(u) = 3*i(u) + 5*x(u). Determine a(-7).
11
Let p = -2 + -4. Let n(a) = 3*a - 7. Suppose -2*y = -g - 4*y - 8, -3*g - 2*y = 12. Let m(v) = 13*v - 29. Let f(i) = g*m(i) + 9*n(i). What is f(p)?
-11
Let w(x) = x**3 - 5*x**2 - 3*x - 11. Suppose p + 9*p + 100 = 0. Let t(j) = 16*j + 166. Let k be t(p). Calculate w(k).
7
Let u(f) = -3*f - 2. Let m(z) = -3*z - 2. Let r(v) = -9*v - 6. Let k(c) = -8*m(c) + 3*r(c). Let d(j) = 4*k(j) - 3*u(j). Give d(1).
-5
Let z(j) = 5*j**2 + 10*j + 6. Let n(d) = 9*d**2 + 19*d + 12. Let k(w) = 6*n(w) - 11*z(w). Suppose 24*g - 38 = 23*g - 11*t, 0 = 2*g - 3*t - 1. Give k(g).
1
Suppose -3*i - 9 = -5*n + 9, 5*i = 2*n + 8. Let a(q) = 15*q**2 - n - 11*q**2 + 19*q**3 + 4*q - 20*q**3. Calculate a(4).
10
Let o = 437/24 - 135/8. Let c(t) be the second derivative of -1/20*t**5 + o*t**3 + 5*t**2 - 7/12*t**4 + 2*t + 0. Determine c(-8).
10
Suppose 2*a + 16 = 4*a. Let r be 2/(-3) - (a/(-3) + 2). Suppose r*m + 81 = 9*m. Let f(y) = -y**3 + 9*y**2 - 2*y + 11. What is f(m)?
-7
Let w(a) = a**2 - 3*a - 30. Suppose -87*p = -161*p - 93*p. Calculate w(p).
-30
Let l(q) = -8019*q - q**2 - 2 + 8028*q - 14. Determine l(9).
-16
Let q(l) = 2*l - 122. Let z be q(67). Let n(u) = 2*u**2 - 22*u - 12. Give n(z).
12
Let u be 2 + -9 - (57 - 68). Let v(b) = 6*b - 64. Give v(u).
-40
Let x(v) be the second derivative of -13*v**3/6 + 13*v**2/2 + v - 17. Let f(w) = 15*w - 13. Let l(n) = 6*f(n) + 7*x(n). What is l(9)?
4
Let l(r) = r**2 + 1. Let x be l(-2). Let h be (24 + -6)/(-6) + x. Let p(o) = 2*o + 1. Let g(f) = -4*f - 3. Let k(b) = -2*g(b) - 5*p(b). What is k(h)?
-3
Let q(u) = -8*u**3 + 9*u**2 + 14*u + 17. Let s(g) = -19*g**3 + 22*g**2 + 35*g + 42. Let i(b) = 12*q(b) - 5*s(b). Determine i(-1).
0
Let z be (-24)/(-2) + 53 + -63. Let n be 4 - (0 + 0 - -1). Let